is the hundred thousands digit of 775475560?
4
What is the thousands digit of 13275109?
5
What is the hundred millions digit of 398538539?
3
What is the tens digit of 309560829?
2
What is the thousands digit of 283328301?
8
What is the tens digit of 1096613278?
7
What is the units digit of 1799123739?
9
What is the hundred thousands digit of 32001331?
0
What is the millions digit of 123379719?
3
What is the millions digit of 69608136?
9
What is the ten millions digit of 137130120?
3
What is the units digit of 1158938849?
9
What is the hundreds digit of 132829837?
8
What is the ten millions digit of 340136718?
4
What is the ten millions digit of 1519945735?
1
What is the ten thousands digit of 409145841?
4
What is the thousands digit of 6376886?
6
What is the thousands digit of 195280885?
0
What is the units digit of 73117796?
6
What is the ten thousands digit of 63656645?
5
What is the ten thousands digit of 26549694?
4
What is the thousands digit of 5135749793?
9
What is the units digit of 3678674890?
0
What is the tens digit of 14276678?
7
What is the thousands digit of 21433835?
3
What is the hundred thousands digit of 78193873?
1
What is the billions digit of 3929038707?
3
What is the thousands digit of 16250093?
0
What is the ten millions digit of 36848627?
3
What is the ten millions digit of 89749580?
8
What is the hundred millions digit of 3008780416?
0
What is the hundred millions digit of 784883163?
7
What is the ten thousands digit of 111117897?
1
What is the tens digit of 4324313791?
9
What is the ten millions digit of 2064997238?
6
What is the hundreds digit of 24407562?
5
What is the tens digit of 121946256?
5
What is the millions digit of 2116537150?
6
What is the billions digit of 4424654350?
4
What is the tens digit of 797369678?
7
What is the millions digit of 3234904392?
4
What is the millions digit of 103226174?
3
What is the millions digit of 260961559?
0
What is the hundred millions digit of 518269424?
5
What is the thousands digit of 42594896?
4
What is the units digit of 600011684?
4
What is the thousands digit of 380292892?
2
What is the hundreds digit of 124146219?
2
What is the ten thousands digit of 29934405?
3
What is the ten thousands digit of 5325243218?
4
What is the tens digit of 49220005?
0
What is the tens digit of 221664194?
9
What is the ten millions digit of 70582301?
7
What is the millions digit of 39488213?
9
What is the ten millions digit of 3075957005?
7
What is the units digit of 1170499527?
7
What is the thousands digit of 87772310?
2
What is the hundred millions digit of 5431839268?
4
What is the ten millions digit of 6917372067?
1
What is the tens digit of 91747742?
4
What is the millions digit of 32349088?
2
What is the ten thousands digit of 20718794?
1
What is the tens digit of 110685620?
2
What is the hundreds digit of 11552913?
9
What is the ten millions digit of 460724631?
6
What is the millions digit of 1254468720?
4
What is the hundred thousands digit of 22424078?
4
What is the hundred thousands digit of 67337649?
3
What is the hundreds digit of 90879416?
4
What is the thousands digit of 83095817?
5
What is the thousands digit of 72199618?
9
What is the hundreds digit of 70021449?
4
What is the tens digit of 86347226?
2
What is the hundred thousands digit of 96002288?
0
What is the tens digit of 63520224?
2
What is the tens digit of 263364840?
4
What is the millions digit of 3008907484?
8
What is the thousands digit of 6899828?
9
What is the thousands digit of 16108389?
8
What is the millions digit of 205149145?
5
What is the ten thousands digit of 85461?
8
What is the tens digit of 34164524?
2
What is the thousands digit of 51735803?
5
What is the hundred thousands digit of 1786456742?
4
What is the tens digit of 924291340?
4
What is the ten thousands digit of 388112832?
1
What is the millions digit of 388023054?
8
What is the hundred thousands digit of 16347919?
3
What is the hundreds digit of 261222047?
0
What is the tens digit of 583908876?
7
What is the thousands digit of 193702962?
2
What is the hundred millions digit of 673392036?
6
What is the ten thousands digit of 232433731?
3
What is the thousands digit of 267036702?
6
What is the units digit of 6183400800?
0
What is the tens digit of 1239043246?
4
What is the units digit of 227788400?
0
What is the ten thousands digit of 17880367?
8
What is the hundreds digit of 494218531?
5
What is the hundred thousands digit of 72738387?
7
What is the units digit of 321218805?
5
What is the hundred millions digit of 1010905650?
0
What is the millions digit of 4483297?
4
What is the tens digit of 1062223025?
2
What is the ten millions digit of 735427139?
3
What is the hundreds digit of 435430298?
2
What is the hundreds digit of 374940391?
3
What is the hundred thousands digit of 101718333?
7
What is the ten millions digit of 345331652?
4
What is the millions digit of 173073753?
3
What is the hundred thousands digit of 44029363?
0
What is the thousands digit of 144462484?
2
What is the hundreds digit of 7137348239?
2
What is the units digit of 5549565438?
8
What is the units digit of 1098862143?
3
What is the ten millions digit of 1109774876?
0
What is the thousands digit of 79888853?
8
What is the hundreds digit of 1491105073?
0
What is the thousands digit of 644657952?
7
What is the thousands digit of 594263802?
3
What is the units digit of 797148907?
7
What is the millions digit of 2788782885?
8
What is the units digit of 127306595?
5
What is the thousands digit of 259046016?
6
What is the hundreds digit of 853911185?
1
What is the ten millions digit of 90738958?
9
What is the hundred thousands digit of 161840119?
8
What is the millions digit of 4740468887?
0
What is the hundreds digit of 3914568189?
1
What is the hundreds digit of 72828298?
2
What is the ten thousands digit of 1820096610?
9
What is the units digit of 56615158?
8
What is the millions digit of 215306700?
5
What is the ten thousands digit of 56502333?
0
What is the thousands digit of 437031919?
1
What is the thousands digit of 41408898?
8
What is the hundred millions digit of 1554055558?
5
What is the units digit of 80543479?
9
What is the hundred millions digit of 457814755?
4
What is the tens digit of 25313875?
7
What is the units digit of 129331734?
4
What is the hundred millions digit of 549401285?
5
What is the units digit of 3025042732?
2
What is the hundred thousands digit of 45605884?
6
What is the thousands digit of 1086784267?
4
What is the units digit of 85572370?
0
What is the thousands digit of 566977125?
7
What is the ten millions digit of 676564846?
7
What is the units digit of 832751223?
3
What is the ten millions digit of 47322990?
4
What is the units digit of 365606994?
4
What is the hundreds digit of 604960370?
3
What is the hundreds digit of 1771608737?
7
What is the ten millions digit of 316855045?
1
What is the ten millions digit of 12988397?
1
What is the hundred millions digit of 446891900?
4
What is the thousands digit of 1033679103?
9
What is the hundred millions digit of 135133142?
1
What is the hundred thousands digit of 599807077?
8
What is the millions digit of 136466600?
6
What is the ten thousands digit of 7659128462?
2
What is the thousands digit of 188117815?
7
What is the hundred thousands digit of 61448911?
4
What is the units digit of 215648002?
2
What is the thousands digit of 294051562?
1
What is the units digit of 6819051966?
6
What is the millions digit of 10859834?
0
What is the hundreds digit of 273275796?
7
What is the units digit of 3559528217?
7
What is the hundred thousands digit of 402863171?
8
What is the thousands digit of 1153192907?
2
What is the ten millions digit of 63499009?
6
What is the hundred thousands digit of 5262636419?
6
What is the hundred millions digit of 582097035?
5
What is the hundreds digit of 170667931?
9
What is the millions digit of 166651145?
6
What is the tens digit of 115943954?
5
What is the tens digit of 3979247064?
6
What is the thousands digit of 26862156?
2
What is the hundreds digit of 1888489056?
0
What is the ten millions digit of 150403649?
5
What is the hundred thousands digit of 1097987096?
9
What is the ten thousands digit of 12990252?
9
What is the thousands digit of 113924789?
4
What i